{"id":337,"date":"2023-06-03T18:09:41","date_gmt":"2023-06-03T16:09:41","guid":{"rendered":"https:\/\/osservatorioastronomicosirio.it\/new\/?page_id=337"},"modified":"2023-06-03T18:15:31","modified_gmt":"2023-06-03T16:15:31","slug":"laboratori-didattici-radio-astronomia","status":"publish","type":"page","link":"https:\/\/osservatorioastronomicosirio.it\/new\/laboratori-didattici-radio-astronomia\/","title":{"rendered":"Laboratori didattici &#8211; Radio Astronomia"},"content":{"rendered":"\t\t<div data-elementor-type=\"wp-page\" data-elementor-id=\"337\" class=\"elementor elementor-337\">\n\t\t\t\t\t\t\t\t\t<section class=\"elementor-section elementor-top-section elementor-element elementor-element-1d0ce1c elementor-section-boxed elementor-section-height-default elementor-section-height-default\" data-id=\"1d0ce1c\" data-element_type=\"section\">\n\t\t\t\t\t\t<div class=\"elementor-container elementor-column-gap-default\">\n\t\t\t\t\t<div class=\"elementor-column elementor-col-100 elementor-top-column elementor-element elementor-element-b8dfb01\" data-id=\"b8dfb01\" data-element_type=\"column\">\n\t\t\t<div class=\"elementor-widget-wrap elementor-element-populated\">\n\t\t\t\t\t\t\t\t<div class=\"elementor-element elementor-element-569a588 elementor-widget elementor-widget-spacer\" data-id=\"569a588\" data-element_type=\"widget\" data-widget_type=\"spacer.default\">\n\t\t\t\t<div class=\"elementor-widget-container\">\n\t\t\t<style>\/*! elementor - v3.13.2 - 11-05-2023 *\/\n.elementor-column .elementor-spacer-inner{height:var(--spacer-size)}.e-con{--container-widget-width:100%}.e-con-inner>.elementor-widget-spacer,.e-con>.elementor-widget-spacer{width:var(--container-widget-width,var(--spacer-size));--align-self:var(--container-widget-align-self,initial);--flex-shrink:0}.e-con-inner>.elementor-widget-spacer>.elementor-widget-container,.e-con-inner>.elementor-widget-spacer>.elementor-widget-container>.elementor-spacer,.e-con>.elementor-widget-spacer>.elementor-widget-container,.e-con>.elementor-widget-spacer>.elementor-widget-container>.elementor-spacer{height:100%}.e-con-inner>.elementor-widget-spacer>.elementor-widget-container>.elementor-spacer>.elementor-spacer-inner,.e-con>.elementor-widget-spacer>.elementor-widget-container>.elementor-spacer>.elementor-spacer-inner{height:var(--container-widget-height,var(--spacer-size))}<\/style>\t\t<div class=\"elementor-spacer\">\n\t\t\t<div class=\"elementor-spacer-inner\"><\/div>\n\t\t<\/div>\n\t\t\t\t<\/div>\n\t\t\t\t<\/div>\n\t\t\t\t<div class=\"elementor-element elementor-element-ab2285c elementor-widget__width-initial elementor-widget elementor-widget-heading\" data-id=\"ab2285c\" data-element_type=\"widget\" data-widget_type=\"heading.default\">\n\t\t\t\t<div class=\"elementor-widget-container\">\n\t\t\t<style>\/*! elementor - v3.13.2 - 11-05-2023 *\/\n.elementor-heading-title{padding:0;margin:0;line-height:1}.elementor-widget-heading .elementor-heading-title[class*=elementor-size-]>a{color:inherit;font-size:inherit;line-height:inherit}.elementor-widget-heading .elementor-heading-title.elementor-size-small{font-size:15px}.elementor-widget-heading .elementor-heading-title.elementor-size-medium{font-size:19px}.elementor-widget-heading .elementor-heading-title.elementor-size-large{font-size:29px}.elementor-widget-heading .elementor-heading-title.elementor-size-xl{font-size:39px}.elementor-widget-heading .elementor-heading-title.elementor-size-xxl{font-size:59px}<\/style><h2 class=\"elementor-heading-title elementor-size-default\">RADIO ASTRONOMIA<\/h2>\t\t<\/div>\n\t\t\t\t<\/div>\n\t\t\t\t<div class=\"elementor-element elementor-element-2379543 elementor-widget elementor-widget-spacer\" data-id=\"2379543\" data-element_type=\"widget\" data-widget_type=\"spacer.default\">\n\t\t\t\t<div class=\"elementor-widget-container\">\n\t\t\t\t\t<div class=\"elementor-spacer\">\n\t\t\t<div class=\"elementor-spacer-inner\"><\/div>\n\t\t<\/div>\n\t\t\t\t<\/div>\n\t\t\t\t<\/div>\n\t\t\t\t<div class=\"elementor-element elementor-element-da38805 elementor-widget__width-initial elementor-widget elementor-widget-text-editor\" data-id=\"da38805\" data-element_type=\"widget\" data-widget_type=\"text-editor.default\">\n\t\t\t\t<div class=\"elementor-widget-container\">\n\t\t\t<style>\/*! elementor - v3.13.2 - 11-05-2023 *\/\n.elementor-widget-text-editor.elementor-drop-cap-view-stacked .elementor-drop-cap{background-color:#69727d;color:#fff}.elementor-widget-text-editor.elementor-drop-cap-view-framed .elementor-drop-cap{color:#69727d;border:3px solid;background-color:transparent}.elementor-widget-text-editor:not(.elementor-drop-cap-view-default) .elementor-drop-cap{margin-top:8px}.elementor-widget-text-editor:not(.elementor-drop-cap-view-default) .elementor-drop-cap-letter{width:1em;height:1em}.elementor-widget-text-editor .elementor-drop-cap{float:left;text-align:center;line-height:1;font-size:50px}.elementor-widget-text-editor .elementor-drop-cap-letter{display:inline-block}<\/style>\t\t\t\t<p style=\"text-align: justify;\">\u00c8 una branca dell\u2019astronomia che osserva gli astri nelle onde radio (onde elettromagnetiche con frequenze comprese tra 3 Hz e 2 GHz) e nelle microonde (con frequenze comprese tra 2 GHz e 300 GHz). Fondata negli anni \u201930 da alcuni pionieri quali K. Jansky (un ingegnere radiotecnico) e G. Reber (ingegnere e radio dilettante), ebbe pieno sviluppo negli anni \u201950. La nascita della radioastronomia \u00e8 comunque legata allo sviluppo ed al funzionamento della radiocomunicazione; Guglielmo Marconi, intu\u00ec per primo la grande potenzialit\u00e0 dell\u2019onda elettromagnetica nell\u2019utilizzo della comunicazione a distanza, all\u2019inizio utilizzando il segnale morse), ossia trasmettendo unicamente punti e linee (egli riusc\u00ec a trasmettere la lettera S in stile telegrafico attraverso l\u2019Atlantico, tra Terranova e Poldhu in Cornovaglia), in seguito utilizzando le trasmissioni radiofoniche. Lo stesso Marconi, nel 1927, aveva riscontrato delle interferenze nelle trasmissioni radio in coincidenza con la comparsa di grandi macchie solari e intense aurore boreali. Queste anomalie stimolarono sia in America, sia in Europa la ricerca, visto che queste interferenze nuocevano al buon funzionamento dei collegamenti intercontinentali radio telefonici appena inaugurati.<\/p>\t\t\t\t\t\t<\/div>\n\t\t\t\t<\/div>\n\t\t\t\t\t<\/div>\n\t\t<\/div>\n\t\t\t\t\t\t\t<\/div>\n\t\t<\/section>\n\t\t\t\t<section class=\"elementor-section elementor-top-section elementor-element elementor-element-5a03b73 elementor-section-boxed elementor-section-height-default elementor-section-height-default\" data-id=\"5a03b73\" data-element_type=\"section\">\n\t\t\t\t\t\t<div class=\"elementor-container elementor-column-gap-default\">\n\t\t\t\t\t<div class=\"elementor-column elementor-col-100 elementor-top-column elementor-element elementor-element-b153121\" data-id=\"b153121\" data-element_type=\"column\">\n\t\t\t<div class=\"elementor-widget-wrap elementor-element-populated\">\n\t\t\t\t\t\t\t\t<div class=\"elementor-element elementor-element-68a6f7c elementor-widget elementor-widget-image\" data-id=\"68a6f7c\" data-element_type=\"widget\" data-widget_type=\"image.default\">\n\t\t\t\t<div class=\"elementor-widget-container\">\n\t\t\t<style>\/*! elementor - v3.13.2 - 11-05-2023 *\/\n.elementor-widget-image{text-align:center}.elementor-widget-image a{display:inline-block}.elementor-widget-image a img[src$=\".svg\"]{width:48px}.elementor-widget-image img{vertical-align:middle;display:inline-block}<\/style>\t\t\t\t\t\t\t\t\t\t\t\t<img loading=\"lazy\" decoding=\"async\" width=\"620\" height=\"498\" src=\"https:\/\/osservatorioastronomicosirio.it\/new\/wp-content\/uploads\/2023\/06\/image_radioastronomia1_1.jpg\" class=\"attachment-large size-large wp-image-339\" alt=\"\" srcset=\"https:\/\/osservatorioastronomicosirio.it\/new\/wp-content\/uploads\/2023\/06\/image_radioastronomia1_1.jpg 620w, https:\/\/osservatorioastronomicosirio.it\/new\/wp-content\/uploads\/2023\/06\/image_radioastronomia1_1-300x241.jpg 300w\" sizes=\"auto, (max-width: 620px) 100vw, 620px\" \/>\t\t\t\t\t\t\t\t\t\t\t\t\t\t\t<\/div>\n\t\t\t\t<\/div>\n\t\t\t\t<div class=\"elementor-element elementor-element-8ed31f0 elementor-widget elementor-widget-text-editor\" data-id=\"8ed31f0\" data-element_type=\"widget\" data-widget_type=\"text-editor.default\">\n\t\t\t\t<div class=\"elementor-widget-container\">\n\t\t\t\t\t\t\t<p style=\"text-align: center;\"><b>Registrazioni radio del transito solare<\/b> \u2013 Autore Prof. Nicola Rizzi<\/p>\t\t\t\t\t\t<\/div>\n\t\t\t\t<\/div>\n\t\t\t\t<div class=\"elementor-element elementor-element-3013cba elementor-widget__width-initial elementor-widget elementor-widget-text-editor\" data-id=\"3013cba\" data-element_type=\"widget\" data-widget_type=\"text-editor.default\">\n\t\t\t\t<div class=\"elementor-widget-container\">\n\t\t\t\t\t\t\t<p style=\"text-align: justify;\">La Compagnia Bell Telephon Laboratories, nel 1929 per prima, incaric\u00f2 l\u2019ingegnere radiotecnico Karl Jansky di investigare sulla fonte e sulla provenienza di questi segnali. Dopo un lungo periodo di osservazione e di raccolta dati, Jansky compil\u00f2 una classifica dalla quale risultavano tre gruppi di rumori: il primo imputabile ai temporali locali, il secondo ai temporali distanti ed il terzo un fischio persistente non qualificabile. Egli suppose che l\u2019origine fosse al di fuori della Terra. Il primo pensiero fu il Sole, ma non notando coincidenze con la sua presenza, concluse che l\u2019origine era una posizione fissa nella volta celeste rispetto alle stelle, e precisamente nella costellazione del Sagittario. Reber leggendo alcuni articoli di Jansky intu\u00ec la grande importanza delle nuove scoperte, rendendosi conto che era necessario costruire apparecchiature adatte all\u2019ascolto dei rumori cosmici. Nel 1944 Reber  fu in grado di compilare la prima mappa radio della nostra galassia, dove il massimo dell\u2019intensit\u00e0 era localizzata nella costellazione del Sagittario, confermando le esperienze di Jansky. Emettono onde radio e microonde il Sole, alcune stelle, le pulsar, le nebulose, i resti di supernova, le regioni di idrogeno (la sua  radio emissione avviene alla frequenza di 1.429 GHz), le radiogalassie, i quasar. Normalmente l\u2019intensit\u00e0 delle radiosorgenti \u00e8 esigua, mediamente 10\u00f718 Watt ed inferiore al segnale disturbante pari a 10\u00f712 W, quindi non \u00e8 agevole separare i due segnali.<\/p>\t\t\t\t\t\t<\/div>\n\t\t\t\t<\/div>\n\t\t\t\t<div class=\"elementor-element elementor-element-97dcbdf elementor-widget__width-initial elementor-widget elementor-widget-text-editor\" data-id=\"97dcbdf\" data-element_type=\"widget\" data-widget_type=\"text-editor.default\">\n\t\t\t\t<div class=\"elementor-widget-container\">\n\t\t\t\t\t\t\t<p style=\"text-align: justify;\">\n<\/p><p>L\u2019origine delle onde radio e delle microonde sono di due tipi:<\/p>\n<p><b>1.<\/b> <b>Termica.<\/b> I valori di flusso crescenti con la frequenza, dovuta alla temperatura della sorgente emittente (esempi di emissione termica sono: il Sole, la Luna, il gas interstellare vicino alle stelle calde ed alcuni pianeti).<\/p>\n<p><b>2.<\/b> <b>Non termica.<\/b> I valori di flusso decrescenti con la temperatura, la cui origine \u00e8 legata alla presenza di particelle cariche elettricamente che sono immersi in un campo magnetico e ivi si muovono ad altissime velocit\u00e0 (esempi di emissione non termica sono: la radiazione del Sole perturbato, le radiogalassie ed il gas interstellare lontano dalle stelle calde).<br><br><\/p>\t\t\t\t\t\t<\/div>\n\t\t\t\t<\/div>\n\t\t\t\t<div class=\"elementor-element elementor-element-8471b06 elementor-widget elementor-widget-image\" data-id=\"8471b06\" data-element_type=\"widget\" data-widget_type=\"image.default\">\n\t\t\t\t<div class=\"elementor-widget-container\">\n\t\t\t\t\t\t\t\t\t\t\t\t\t\t\t<img loading=\"lazy\" decoding=\"async\" width=\"620\" height=\"764\" src=\"https:\/\/osservatorioastronomicosirio.it\/new\/wp-content\/uploads\/2023\/06\/image_didattica4g1.jpg\" class=\"attachment-large size-large wp-image-219\" alt=\"\" srcset=\"https:\/\/osservatorioastronomicosirio.it\/new\/wp-content\/uploads\/2023\/06\/image_didattica4g1.jpg 620w, https:\/\/osservatorioastronomicosirio.it\/new\/wp-content\/uploads\/2023\/06\/image_didattica4g1-243x300.jpg 243w\" sizes=\"auto, (max-width: 620px) 100vw, 620px\" \/>\t\t\t\t\t\t\t\t\t\t\t\t\t\t\t<\/div>\n\t\t\t\t<\/div>\n\t\t\t\t<div class=\"elementor-element elementor-element-ed3b029 elementor-widget elementor-widget-text-editor\" data-id=\"ed3b029\" data-element_type=\"widget\" data-widget_type=\"text-editor.default\">\n\t\t\t\t<div class=\"elementor-widget-container\">\n\t\t\t\t\t\t\t<p style=\"text-align: center;\">Parabola da 80 cm per la registrazione del segnale solare<\/p>\t\t\t\t\t\t<\/div>\n\t\t\t\t<\/div>\n\t\t\t\t\t<\/div>\n\t\t<\/div>\n\t\t\t\t\t\t\t<\/div>\n\t\t<\/section>\n\t\t\t\t\t\t\t<\/div>\n\t\t","protected":false},"excerpt":{"rendered":"<p>RADIO ASTRONOMIA \u00c8 una branca dell\u2019astronomia che osserva gli astri nelle onde radio (onde elettromagnetiche con frequenze comprese tra 3 Hz e 2 GHz) e nelle microonde (con frequenze comprese tra 2 GHz e 300 GHz). Fondata negli anni \u201930 da alcuni pionieri quali K. Jansky (un ingegnere radiotecnico) e G. Reber (ingegnere e radio [&hellip;]<\/p>\n","protected":false},"author":1,"featured_media":0,"parent":0,"menu_order":0,"comment_status":"closed","ping_status":"closed","template":"","meta":{"tpgb_global_settings":"","footnotes":""},"class_list":["post-337","page","type-page","status-publish","hentry"],"tpgb_featured_images":null,"tpgb_post_meta_info":{"get_date":"3 Giugno 2023","author_name":"acquisti@vgtechnology.it","author_url":"https:\/\/osservatorioastronomicosirio.it\/new\/author\/acquistivgtechnology-it\/","author_email":"acquisti@vgtechnology.it","author_website":"https:\/\/osservatorioastronomicosirio.it\/new","author_description":"","author_facebook":"","author_twitter":"","author_instagram":"","author_role":["administrator"],"author_firstname":"","author_lastname":"","user_login":"acquisti@vgtechnology.it","author_avatar":"<img alt='' src='https:\/\/secure.gravatar.com\/avatar\/6fa565df89c6e7dd7f1af0e202925aba76d34a695a92336ba74c6d73024ddbf3?s=200&#038;d=mm&#038;r=g' srcset='https:\/\/secure.gravatar.com\/avatar\/6fa565df89c6e7dd7f1af0e202925aba76d34a695a92336ba74c6d73024ddbf3?s=400&#038;d=mm&#038;r=g 2x' class='avatar avatar-200 photo' height='200' width='200' loading='lazy' decoding='async'\/>","author_avatar_url":"https:\/\/secure.gravatar.com\/avatar\/6fa565df89c6e7dd7f1af0e202925aba76d34a695a92336ba74c6d73024ddbf3?s=96&d=mm&r=g","comment_count":0,"post_likes":0,"post_views":0},"tpgb_post_category":[],"_links":{"self":[{"href":"https:\/\/osservatorioastronomicosirio.it\/new\/wp-json\/wp\/v2\/pages\/337","targetHints":{"allow":["GET"]}}],"collection":[{"href":"https:\/\/osservatorioastronomicosirio.it\/new\/wp-json\/wp\/v2\/pages"}],"about":[{"href":"https:\/\/osservatorioastronomicosirio.it\/new\/wp-json\/wp\/v2\/types\/page"}],"author":[{"embeddable":true,"href":"https:\/\/osservatorioastronomicosirio.it\/new\/wp-json\/wp\/v2\/users\/1"}],"replies":[{"embeddable":true,"href":"https:\/\/osservatorioastronomicosirio.it\/new\/wp-json\/wp\/v2\/comments?post=337"}],"version-history":[{"count":7,"href":"https:\/\/osservatorioastronomicosirio.it\/new\/wp-json\/wp\/v2\/pages\/337\/revisions"}],"predecessor-version":[{"id":345,"href":"https:\/\/osservatorioastronomicosirio.it\/new\/wp-json\/wp\/v2\/pages\/337\/revisions\/345"}],"wp:attachment":[{"href":"https:\/\/osservatorioastronomicosirio.it\/new\/wp-json\/wp\/v2\/media?parent=337"}],"curies":[{"name":"wp","href":"https:\/\/api.w.org\/{rel}","templated":true}]}}